{"id":266,"date":"2025-02-11T20:06:26","date_gmt":"2025-02-11T20:06:26","guid":{"rendered":"https:\/\/nis-olawa.pl\/?page_id=266"},"modified":"2026-02-17T10:20:38","modified_gmt":"2026-02-17T10:20:38","slug":"struktura-stowarzyszenia","status":"publish","type":"page","link":"https:\/\/nis-olawa.pl\/?page_id=266","title":{"rendered":"STRUKTURA STOWARZYSZENIA"},"content":{"rendered":"\t\t<div data-elementor-type=\"wp-page\" data-elementor-id=\"266\" class=\"elementor elementor-266\">\n\t\t\t\t<div class=\"elementor-element elementor-element-b84591b e-flex e-con-boxed e-con e-parent\" data-id=\"b84591b\" data-element_type=\"container\">\n\t\t\t\t\t<div class=\"e-con-inner\">\n\t\t\t\t<div class=\"elementor-element elementor-element-a7a42c8 gallery-spacing-custom elementor-widget elementor-widget-image-gallery\" data-id=\"a7a42c8\" data-element_type=\"widget\" data-widget_type=\"image-gallery.default\">\n\t\t\t\t<div class=\"elementor-widget-container\">\n\t\t\t\t\t\t\t<div class=\"elementor-image-gallery\">\n\t\t\t<div id='gallery-1' class='gallery galleryid-266 gallery-columns-3 gallery-size-large'><figure class='gallery-item'>\n\t\t\t<div class='gallery-icon landscape'>\n\t\t\t\t<a data-elementor-open-lightbox=\"yes\" data-elementor-lightbox-slideshow=\"a7a42c8\" data-elementor-lightbox-title=\"inicjatywa (4)\" data-e-action-hash=\"#elementor-action%3Aaction%3Dlightbox%26settings%3DeyJpZCI6MjcyLCJ1cmwiOiJodHRwczpcL1wvbmlzLW9sYXdhLnBsXC93cC1jb250ZW50XC91cGxvYWRzXC8yMDI1XC8wMlwvaW5pY2phdHl3YS00LnBuZyIsInNsaWRlc2hvdyI6ImE3YTQyYzgifQ%3D%3D\" href='https:\/\/nis-olawa.pl\/wp-content\/uploads\/2025\/02\/inicjatywa-4.png'><img fetchpriority=\"high\" decoding=\"async\" width=\"940\" height=\"788\" src=\"https:\/\/nis-olawa.pl\/wp-content\/uploads\/2025\/02\/inicjatywa-4.png\" class=\"attachment-large size-large\" alt=\"\" srcset=\"https:\/\/nis-olawa.pl\/wp-content\/uploads\/2025\/02\/inicjatywa-4.png 940w, https:\/\/nis-olawa.pl\/wp-content\/uploads\/2025\/02\/inicjatywa-4-300x251.png 300w, https:\/\/nis-olawa.pl\/wp-content\/uploads\/2025\/02\/inicjatywa-4-768x644.png 768w\" sizes=\"(max-width: 940px) 100vw, 940px\" \/><\/a>\n\t\t\t<\/div><\/figure><figure class='gallery-item'>\n\t\t\t<div class='gallery-icon landscape'>\n\t\t\t\t<a data-elementor-open-lightbox=\"yes\" data-elementor-lightbox-slideshow=\"a7a42c8\" data-elementor-lightbox-title=\"inicjatywa (1)\" data-e-action-hash=\"#elementor-action%3Aaction%3Dlightbox%26settings%3DeyJpZCI6MzIyLCJ1cmwiOiJodHRwczpcL1wvbmlzLW9sYXdhLnBsXC93cC1jb250ZW50XC91cGxvYWRzXC8yMDI2XC8wMlwvaW5pY2phdHl3YS0xLnBuZyIsInNsaWRlc2hvdyI6ImE3YTQyYzgifQ%3D%3D\" href='https:\/\/nis-olawa.pl\/wp-content\/uploads\/2026\/02\/inicjatywa-1.png'><img decoding=\"async\" width=\"940\" height=\"788\" src=\"https:\/\/nis-olawa.pl\/wp-content\/uploads\/2026\/02\/inicjatywa-1.png\" class=\"attachment-large size-large\" alt=\"\" srcset=\"https:\/\/nis-olawa.pl\/wp-content\/uploads\/2026\/02\/inicjatywa-1.png 940w, https:\/\/nis-olawa.pl\/wp-content\/uploads\/2026\/02\/inicjatywa-1-300x251.png 300w, https:\/\/nis-olawa.pl\/wp-content\/uploads\/2026\/02\/inicjatywa-1-768x644.png 768w\" sizes=\"(max-width: 940px) 100vw, 940px\" \/><\/a>\n\t\t\t<\/div><\/figure><figure class='gallery-item'>\n\t\t\t<div class='gallery-icon landscape'>\n\t\t\t\t<a data-elementor-open-lightbox=\"yes\" data-elementor-lightbox-slideshow=\"a7a42c8\" data-elementor-lightbox-title=\"inicjatywa\" data-e-action-hash=\"#elementor-action%3Aaction%3Dlightbox%26settings%3DeyJpZCI6MzIzLCJ1cmwiOiJodHRwczpcL1wvbmlzLW9sYXdhLnBsXC93cC1jb250ZW50XC91cGxvYWRzXC8yMDI2XC8wMlwvaW5pY2phdHl3YS5wbmciLCJzbGlkZXNob3ciOiJhN2E0MmM4In0%3D\" href='https:\/\/nis-olawa.pl\/wp-content\/uploads\/2026\/02\/inicjatywa.png'><img decoding=\"async\" width=\"940\" height=\"788\" src=\"https:\/\/nis-olawa.pl\/wp-content\/uploads\/2026\/02\/inicjatywa.png\" class=\"attachment-large size-large\" alt=\"\" srcset=\"https:\/\/nis-olawa.pl\/wp-content\/uploads\/2026\/02\/inicjatywa.png 940w, https:\/\/nis-olawa.pl\/wp-content\/uploads\/2026\/02\/inicjatywa-300x251.png 300w, https:\/\/nis-olawa.pl\/wp-content\/uploads\/2026\/02\/inicjatywa-768x644.png 768w\" sizes=\"(max-width: 940px) 100vw, 940px\" \/><\/a>\n\t\t\t<\/div><\/figure><figure class='gallery-item'>\n\t\t\t<div class='gallery-icon landscape'>\n\t\t\t\t<a data-elementor-open-lightbox=\"yes\" data-elementor-lightbox-slideshow=\"a7a42c8\" data-elementor-lightbox-title=\"inicjatywa (1)\" data-e-action-hash=\"#elementor-action%3Aaction%3Dlightbox%26settings%3DeyJpZCI6Mjc1LCJ1cmwiOiJodHRwczpcL1wvbmlzLW9sYXdhLnBsXC93cC1jb250ZW50XC91cGxvYWRzXC8yMDI1XC8wMlwvaW5pY2phdHl3YS0xLnBuZyIsInNsaWRlc2hvdyI6ImE3YTQyYzgifQ%3D%3D\" href='https:\/\/nis-olawa.pl\/wp-content\/uploads\/2025\/02\/inicjatywa-1.png'><img loading=\"lazy\" decoding=\"async\" width=\"940\" height=\"788\" src=\"https:\/\/nis-olawa.pl\/wp-content\/uploads\/2025\/02\/inicjatywa-1.png\" class=\"attachment-large size-large\" alt=\"\" srcset=\"https:\/\/nis-olawa.pl\/wp-content\/uploads\/2025\/02\/inicjatywa-1.png 940w, https:\/\/nis-olawa.pl\/wp-content\/uploads\/2025\/02\/inicjatywa-1-300x251.png 300w, https:\/\/nis-olawa.pl\/wp-content\/uploads\/2025\/02\/inicjatywa-1-768x644.png 768w\" sizes=\"(max-width: 940px) 100vw, 940px\" \/><\/a>\n\t\t\t<\/div><\/figure><figure class='gallery-item'>\n\t\t\t<div class='gallery-icon landscape'>\n\t\t\t\t<a data-elementor-open-lightbox=\"yes\" data-elementor-lightbox-slideshow=\"a7a42c8\" data-elementor-lightbox-title=\"inicjatywa (2)\" data-e-action-hash=\"#elementor-action%3Aaction%3Dlightbox%26settings%3DeyJpZCI6Mjc0LCJ1cmwiOiJodHRwczpcL1wvbmlzLW9sYXdhLnBsXC93cC1jb250ZW50XC91cGxvYWRzXC8yMDI1XC8wMlwvaW5pY2phdHl3YS0yLnBuZyIsInNsaWRlc2hvdyI6ImE3YTQyYzgifQ%3D%3D\" href='https:\/\/nis-olawa.pl\/wp-content\/uploads\/2025\/02\/inicjatywa-2.png'><img loading=\"lazy\" decoding=\"async\" width=\"940\" height=\"788\" src=\"https:\/\/nis-olawa.pl\/wp-content\/uploads\/2025\/02\/inicjatywa-2.png\" class=\"attachment-large size-large\" alt=\"\" srcset=\"https:\/\/nis-olawa.pl\/wp-content\/uploads\/2025\/02\/inicjatywa-2.png 940w, https:\/\/nis-olawa.pl\/wp-content\/uploads\/2025\/02\/inicjatywa-2-300x251.png 300w, https:\/\/nis-olawa.pl\/wp-content\/uploads\/2025\/02\/inicjatywa-2-768x644.png 768w\" sizes=\"(max-width: 940px) 100vw, 940px\" \/><\/a>\n\t\t\t<\/div><\/figure><figure class='gallery-item'>\n\t\t\t<div class='gallery-icon landscape'>\n\t\t\t\t<a data-elementor-open-lightbox=\"yes\" data-elementor-lightbox-slideshow=\"a7a42c8\" data-elementor-lightbox-title=\"inicjatywa (3)\" data-e-action-hash=\"#elementor-action%3Aaction%3Dlightbox%26settings%3DeyJpZCI6MjczLCJ1cmwiOiJodHRwczpcL1wvbmlzLW9sYXdhLnBsXC93cC1jb250ZW50XC91cGxvYWRzXC8yMDI1XC8wMlwvaW5pY2phdHl3YS0zLnBuZyIsInNsaWRlc2hvdyI6ImE3YTQyYzgifQ%3D%3D\" href='https:\/\/nis-olawa.pl\/wp-content\/uploads\/2025\/02\/inicjatywa-3.png'><img loading=\"lazy\" decoding=\"async\" width=\"940\" height=\"788\" src=\"https:\/\/nis-olawa.pl\/wp-content\/uploads\/2025\/02\/inicjatywa-3.png\" class=\"attachment-large size-large\" alt=\"\" srcset=\"https:\/\/nis-olawa.pl\/wp-content\/uploads\/2025\/02\/inicjatywa-3.png 940w, https:\/\/nis-olawa.pl\/wp-content\/uploads\/2025\/02\/inicjatywa-3-300x251.png 300w, https:\/\/nis-olawa.pl\/wp-content\/uploads\/2025\/02\/inicjatywa-3-768x644.png 768w\" sizes=\"(max-width: 940px) 100vw, 940px\" \/><\/a>\n\t\t\t<\/div><\/figure>\n\t\t<\/div>\n\t\t<\/div>\n\t\t\t\t\t\t<\/div>\n\t\t\t\t<\/div>\n\t\t\t\t\t<\/div>\n\t\t\t\t<\/div>\n\t\t<div class=\"elementor-element elementor-element-99dac8b e-flex e-con-boxed e-con e-parent\" data-id=\"99dac8b\" data-element_type=\"container\">\n\t\t\t\t\t<div class=\"e-con-inner\">\n\t\t\t\t<div class=\"elementor-element elementor-element-b2eb73e elementor-widget elementor-widget-text-editor\" data-id=\"b2eb73e\" data-element_type=\"widget\" data-widget_type=\"text-editor.default\">\n\t\t\t\t<div class=\"elementor-widget-container\">\n\t\t\t\t\t\t\t\t\t<p>Niezale\u017cna Inicjatywa Spo\u0142eczna<\/p><p>55-200 O\u0142awa \u0141\u0105kowa 8d\u00a0<\/p><p>NIP 9121945709<\/p><p><a href=\"mailto:niezaleznainicjatywaspoleczna@gmail.com\">niezaleznainicjatywaspoleczna@gmail.com<\/a><\/p><p>\u00a0<\/p><p>PKO Bank Polski S.A. Konto: 11 1020 5242 0000 2502 0682 1740 <\/p>\t\t\t\t\t\t\t\t<\/div>\n\t\t\t\t<\/div>\n\t\t\t\t\t<\/div>\n\t\t\t\t<\/div>\n\t\t\t\t<\/div>\n\t\t","protected":false},"excerpt":{"rendered":"<p>Niezale\u017cna Inicjatywa Spo\u0142eczna 55-200 O\u0142awa \u0141\u0105kowa 8d\u00a0 NIP 9121945709 niezaleznainicjatywaspoleczna@gmail.com \u00a0 PKO Bank Polski S.A. Konto: 11 1020 5242 0000 2502 0682 1740<\/p>\n","protected":false},"author":1,"featured_media":0,"parent":0,"menu_order":0,"comment_status":"closed","ping_status":"closed","template":"","meta":{"footnotes":""},"class_list":["post-266","page","type-page","status-publish"],"_links":{"self":[{"href":"https:\/\/nis-olawa.pl\/index.php?rest_route=\/wp\/v2\/pages\/266","targetHints":{"allow":["GET"]}}],"collection":[{"href":"https:\/\/nis-olawa.pl\/index.php?rest_route=\/wp\/v2\/pages"}],"about":[{"href":"https:\/\/nis-olawa.pl\/index.php?rest_route=\/wp\/v2\/types\/page"}],"author":[{"embeddable":true,"href":"https:\/\/nis-olawa.pl\/index.php?rest_route=\/wp\/v2\/users\/1"}],"replies":[{"embeddable":true,"href":"https:\/\/nis-olawa.pl\/index.php?rest_route=%2Fwp%2Fv2%2Fcomments&post=266"}],"version-history":[{"count":10,"href":"https:\/\/nis-olawa.pl\/index.php?rest_route=\/wp\/v2\/pages\/266\/revisions"}],"predecessor-version":[{"id":326,"href":"https:\/\/nis-olawa.pl\/index.php?rest_route=\/wp\/v2\/pages\/266\/revisions\/326"}],"wp:attachment":[{"href":"https:\/\/nis-olawa.pl\/index.php?rest_route=%2Fwp%2Fv2%2Fmedia&parent=266"}],"curies":[{"name":"wp","href":"https:\/\/api.w.org\/{rel}","templated":true}]}}